{"id":94,"date":"2013-12-22T20:04:38","date_gmt":"2013-12-22T20:04:38","guid":{"rendered":"https:\/\/www.baisogala.radviliskis.lm.lt\/?page_id=94"},"modified":"2026-03-20T13:20:10","modified_gmt":"2026-03-20T13:20:10","slug":"mokytojams","status":"publish","type":"page","link":"https:\/\/www.baisogala.radviliskis.lm.lt\/?page_id=94","title":{"rendered":"Mokytojams"},"content":{"rendered":"<ul>\n<li><a href=\"https:\/\/www.baisogala.radviliskis.lm.lt\/wp-content\/uploads\/2025\/10\/Mokiniu-pavezejimo-grafikas.pdf\" target=\"_blank\" rel=\"noopener\">MOKINI\u0172 PAVE\u017d\u0116JIMAS<\/a><\/li>\n<li><a style=\"font-size: 12pt;\" href=\"https:\/\/www.baisogala.radviliskis.lm.lt\/wp-content\/uploads\/2021\/11\/savianalizes-anketa.pdf\" target=\"_blank\" rel=\"noopener\">SAVIANALIZ\u0116S ANKETA<\/a><\/li>\n<li><span style=\"font-size: 12pt;\"><a href=\"https:\/\/www.baisogala.radviliskis.lm.lt\/wp-content\/uploads\/2026\/03\/Ilgalaikio-plano-forma.pdf\" target=\"_blank\" rel=\"noopener\">ILGALAIKI\u0172 TEMINI\u0172 PLAN\u0172 \u0160ABLONAS<\/a><\/span><\/li>\n<li><span style=\"font-size: 12pt;\"><a href=\"https:\/\/www.baisogala.radviliskis.lm.lt\/wp-content\/uploads\/2026\/03\/Neformaliojo-svietimo-programa.pdf\" target=\"_blank\" rel=\"noopener\">NEFORMALIOJO \u0160VIETIMO PROGRAMOS \u0160ABLONAS<\/a><\/span><\/li>\n<li><span style=\"font-size: 12pt;\"><a href=\"https:\/\/www.baisogala.radviliskis.lm.lt\/wp-content\/uploads\/2021\/11\/neformaliojo-_svietimo-_veiklos_analize.pdf\" target=\"_blank\" rel=\"noopener\">NEFORMALIOJO \u0160VIETIMO VEIKLOS ANALIZ\u0116<\/a><\/span><\/li>\n<li><span style=\"font-size: 12pt;\"><a href=\"https:\/\/www.baisogala.radviliskis.lm.lt\/wp-content\/uploads\/2018\/10\/PAMOKOS_STEB\u0116JIMO_PROTOKOLAS.doc\">PAMOKOS STEB\u0116JIMO PROTOKOLAS<\/a><\/span><\/li>\n<li><span style=\"font-size: 12pt;\"><a href=\"https:\/\/www.baisogala.radviliskis.lm.lt\/wp-content\/uploads\/2018\/10\/INTEGRUOTA_PAMOKA.docx\" target=\"_blank\" rel=\"noopener\">INTEGRUOTOS PAMOKOS PROTOKOLAS<\/a><\/span><\/li>\n<li><span style=\"font-size: 12pt;\"><a href=\"https:\/\/www.baisogala.radviliskis.lm.lt\/wp-content\/uploads\/2018\/10\/20180827124138241_Edukacin\u0117s-pa\u017eintin\u0117s_dokumentai.doc\" target=\"_blank\" rel=\"noopener\">EDUKACIN\u0116S PA\u017dINTIN\u0116S I\u0160VYKOS PROGRAMOS \u0160ABLONAS<\/a><\/span><\/li>\n<li><span style=\"font-size: 12pt;\"><a href=\"https:\/\/www.baisogala.radviliskis.lm.lt\/wp-content\/uploads\/2018\/10\/20180827124219679_Ekskursijos_dokumentai.doc\" target=\"_blank\" rel=\"noopener\">EKSKURSIJOS PROGRAMOS \u0160ABLONAS<\/a><\/span><\/li>\n<li><span style=\"font-size: 12pt;\"><a href=\"https:\/\/www.baisogala.radviliskis.lm.lt\/wp-content\/uploads\/2018\/10\/2018082712435549_\u017dygio_ar_i\u0161vykos_dokumentai_dokumentai.doc\" target=\"_blank\" rel=\"noopener\">\u017dYGIO AR I\u0160VYKOS PROGRAMOS \u0160ABLONAS<\/a><\/span><\/li>\n<li><span style=\"font-size: 12pt;\"><a href=\"https:\/\/www.baisogala.radviliskis.lm.lt\/wp-content\/uploads\/2018\/10\/20180827124304768_Spektaklio_ar_filmo_dokumentai.doc\" target=\"_blank\" rel=\"noopener\">I\u0160VYKOS \u012e SPEKTAKL\u012e AR KINO FILM\u0104 PROGRAMOS \u0160ABLONAS<\/a><\/span><\/li>\n<li><span style=\"font-size: 12pt;\"><a href=\"https:\/\/www.baisogala.radviliskis.lm.lt\/wp-content\/uploads\/2018\/10\/20180827124425531_Var\u017eyb\u0173_dokumentai.doc\" target=\"_blank\" rel=\"noopener\">SPORTINI\u0172 VAR\u017dYB\u0172 PROGRAMOS \u0160ABLONAS<\/a><\/span><\/li>\n<\/ul>\n<ul>\n<li style=\"list-style-type: none;\">&nbsp;<\/li>\n<\/ul>\n","protected":false},"excerpt":{"rendered":"<p>MOKINI\u0172 PAVE\u017d\u0116JIMAS SAVIANALIZ\u0116S ANKETA ILGALAIKI\u0172 TEMINI\u0172 PLAN\u0172 \u0160ABLONAS NEFORMALIOJO \u0160VIETIMO PROGRAMOS \u0160ABLONAS NEFORMALIOJO \u0160VIETIMO VEIKLOS ANALIZ\u0116 PAMOKOS STEB\u0116JIMO PROTOKOLAS INTEGRUOTOS PAMOKOS PROTOKOLAS EDUKACIN\u0116S PA\u017dINTIN\u0116S I\u0160VYKOS PROGRAMOS \u0160ABLONAS EKSKURSIJOS PROGRAMOS \u0160ABLONAS \u017dYGIO AR I\u0160VYKOS PROGRAMOS \u0160ABLONAS I\u0160VYKOS \u012e SPEKTAKL\u012e AR KINO &hellip; <a href=\"https:\/\/www.baisogala.radviliskis.lm.lt\/?page_id=94\">Skaityti daugiau <span class=\"meta-nav\">&rarr;<\/span><\/a><\/p>\n","protected":false},"author":1,"featured_media":0,"parent":90,"menu_order":3,"comment_status":"closed","ping_status":"closed","template":"","meta":{"ngg_post_thumbnail":0,"footnotes":"","_links_to":"","_links_to_target":""},"class_list":["post-94","page","type-page","status-publish","hentry"],"_links":{"self":[{"href":"https:\/\/www.baisogala.radviliskis.lm.lt\/index.php?rest_route=\/wp\/v2\/pages\/94","targetHints":{"allow":["GET"]}}],"collection":[{"href":"https:\/\/www.baisogala.radviliskis.lm.lt\/index.php?rest_route=\/wp\/v2\/pages"}],"about":[{"href":"https:\/\/www.baisogala.radviliskis.lm.lt\/index.php?rest_route=\/wp\/v2\/types\/page"}],"author":[{"embeddable":true,"href":"https:\/\/www.baisogala.radviliskis.lm.lt\/index.php?rest_route=\/wp\/v2\/users\/1"}],"replies":[{"embeddable":true,"href":"https:\/\/www.baisogala.radviliskis.lm.lt\/index.php?rest_route=%2Fwp%2Fv2%2Fcomments&post=94"}],"version-history":[{"count":62,"href":"https:\/\/www.baisogala.radviliskis.lm.lt\/index.php?rest_route=\/wp\/v2\/pages\/94\/revisions"}],"predecessor-version":[{"id":13897,"href":"https:\/\/www.baisogala.radviliskis.lm.lt\/index.php?rest_route=\/wp\/v2\/pages\/94\/revisions\/13897"}],"up":[{"embeddable":true,"href":"https:\/\/www.baisogala.radviliskis.lm.lt\/index.php?rest_route=\/wp\/v2\/pages\/90"}],"wp:attachment":[{"href":"https:\/\/www.baisogala.radviliskis.lm.lt\/index.php?rest_route=%2Fwp%2Fv2%2Fmedia&parent=94"}],"curies":[{"name":"wp","href":"https:\/\/api.w.org\/{rel}","templated":true}]}}