{"id":9127,"date":"2022-02-08T11:06:01","date_gmt":"2022-02-08T11:06:01","guid":{"rendered":"https:\/\/www.baisogala.radviliskis.lm.lt\/?page_id=9127"},"modified":"2022-02-08T11:10:58","modified_gmt":"2022-02-08T11:10:58","slug":"projektas-kokybes-krepselis","status":"publish","type":"page","link":"https:\/\/www.baisogala.radviliskis.lm.lt\/?page_id=9127","title":{"rendered":"Projektas \u201eKokyb\u0117s krep\u0161elis\u201c"},"content":{"rendered":"            \n\t\t<div class=\"ngg-gallery-singlepic-image ngg-center\" style=\"max-width: 1900px\">\n\t\t\t    \t<a href=\"https:\/\/www.baisogala.radviliskis.lm.lt\/wp-content\/gallery\/kokybes-krepselis\/KK_projekto_logo.jpg\"\n\t\t     title=\"\"\n             data-src=\"https:\/\/www.baisogala.radviliskis.lm.lt\/wp-content\/gallery\/kokybes-krepselis\/KK_projekto_logo.jpg\"\n             data-thumbnail=\"https:\/\/www.baisogala.radviliskis.lm.lt\/wp-content\/gallery\/kokybes-krepselis\/thumbs\/thumbs_KK_projekto_logo.jpg\"\n             data-image-id=\"3864\"\n             data-title=\"KK_projekto_logo\"\n             data-description=\"\"\n             target='_self'\n             class=\"shutterset_6c6896946e6b1e3955ed25e262c470bf\">\n            <img class=\"ngg-singlepic\"\n             src=\"https:\/\/www.baisogala.radviliskis.lm.lt\/wp-content\/gallery\/kokybes-krepselis\/cache\/KK_projekto_logo.jpg-nggid043864-ngg0dyn-1900x1688x100-00f0w010c010r110f110r010t010.jpg\"\n             alt=\"KK_projekto_logo\"\n             title=\"KK_projekto_logo\"\n              width=\"1900\"               \/>\n    \t<\/a>\n\t\t      <\/div>\n        \n<p>Radvili\u0161kio rajono Baisogalos gimnazija dalyvauja Europos S\u0105jungos strukt\u016brini\u0173 fond\u0173 l\u0117\u0161\u0173 bendrai finansuojamame projekte Nr. 09.2.1-ESFA-V-719-01\u20130001&nbsp;<a href=\"https:\/\/e-seimas.lrs.lt\/portal\/legalAct\/lt\/TAD\/092bb9c2e78411e894a78279b4c56611?jfwid=-2icx9ex5p\" target=\"_blank\" rel=\"noopener\" aria-label=\"(atidaroma naujame nar\u0161ykl\u0117s skirtuke)\" data-saferedirecturl=\"https:\/\/www.google.com\/url?q=https:\/\/e-seimas.lrs.lt\/portal\/legalAct\/lt\/TAD\/092bb9c2e78411e894a78279b4c56611?jfwid%3D-2icx9ex5p&amp;source=gmail&amp;ust=1644402980410000&amp;usg=AOvVaw2aDShhK9UcMh3GE054c0ZU\">\u201e<wbr>Kokyb\u0117s krep\u0161elis\u201c<\/a>.<\/p>\n<p><span style=\"color: #333333;\">\u0160i tikslin\u0117 valstyb\u0117s dotacija suteikiama i\u0161imtinai mokini\u0173 pasiekimams gerinti.&nbsp;<\/span><a href=\"https:\/\/www.nsa.smm.lt\/svietimo-pagalbos-departamentas\/projektai\/kokybes-krepselis-nr-09-2-1-esfa-v-719-01-0001\/\" target=\"_blank\" rel=\"noopener\" aria-label=\"(atidaroma naujame nar\u0161ykl\u0117s skirtuke)\" data-saferedirecturl=\"https:\/\/www.google.com\/url?q=https:\/\/www.nsa.smm.lt\/svietimo-pagalbos-departamentas\/projektai\/kokybes-krepselis-nr-09-2-1-esfa-v-719-01-0001\/&amp;source=gmail&amp;ust=1644402980410000&amp;usg=AOvVaw1CIdFXLUH14vVj7ug823cL\"><span style=\"color: #0000ff;\">Pla\u010diau<\/span><\/a><\/p>\n","protected":false},"excerpt":{"rendered":"<p>Radvili\u0161kio rajono Baisogalos gimnazija dalyvauja Europos S\u0105jungos strukt\u016brini\u0173 fond\u0173 l\u0117\u0161\u0173 bendrai finansuojamame projekte Nr. 09.2.1-ESFA-V-719-01\u20130001&nbsp;\u201eKokyb\u0117s krep\u0161elis\u201c. \u0160i tikslin\u0117 valstyb\u0117s dotacija suteikiama i\u0161imtinai mokini\u0173 pasiekimams gerinti.&nbsp;Pla\u010diau<\/p>\n","protected":false},"author":1,"featured_media":0,"parent":0,"menu_order":0,"comment_status":"closed","ping_status":"closed","template":"","meta":{"ngg_post_thumbnail":0,"footnotes":"","_links_to":"","_links_to_target":""},"class_list":["post-9127","page","type-page","status-publish","hentry"],"_links":{"self":[{"href":"https:\/\/www.baisogala.radviliskis.lm.lt\/index.php?rest_route=\/wp\/v2\/pages\/9127","targetHints":{"allow":["GET"]}}],"collection":[{"href":"https:\/\/www.baisogala.radviliskis.lm.lt\/index.php?rest_route=\/wp\/v2\/pages"}],"about":[{"href":"https:\/\/www.baisogala.radviliskis.lm.lt\/index.php?rest_route=\/wp\/v2\/types\/page"}],"author":[{"embeddable":true,"href":"https:\/\/www.baisogala.radviliskis.lm.lt\/index.php?rest_route=\/wp\/v2\/users\/1"}],"replies":[{"embeddable":true,"href":"https:\/\/www.baisogala.radviliskis.lm.lt\/index.php?rest_route=%2Fwp%2Fv2%2Fcomments&post=9127"}],"version-history":[{"count":4,"href":"https:\/\/www.baisogala.radviliskis.lm.lt\/index.php?rest_route=\/wp\/v2\/pages\/9127\/revisions"}],"predecessor-version":[{"id":9133,"href":"https:\/\/www.baisogala.radviliskis.lm.lt\/index.php?rest_route=\/wp\/v2\/pages\/9127\/revisions\/9133"}],"wp:attachment":[{"href":"https:\/\/www.baisogala.radviliskis.lm.lt\/index.php?rest_route=%2Fwp%2Fv2%2Fmedia&parent=9127"}],"curies":[{"name":"wp","href":"https:\/\/api.w.org\/{rel}","templated":true}]}}