{"id":2496,"date":"2016-12-11T13:43:06","date_gmt":"2016-12-11T13:43:06","guid":{"rendered":"https:\/\/www.baisogala.radviliskis.lm.lt\/?page_id=2496"},"modified":"2026-03-20T07:47:34","modified_gmt":"2026-03-20T07:47:34","slug":"viesieji-pirkimai","status":"publish","type":"page","link":"https:\/\/www.baisogala.radviliskis.lm.lt\/?page_id=2496","title":{"rendered":"Vie\u0161ieji pirkimai"},"content":{"rendered":"<p><a href=\"https:\/\/www.baisogala.radviliskis.lm.lt\/wp-content\/uploads\/2022\/03\/VP-komisijos-reglamentas.pdf\" target=\"_blank\" rel=\"noopener\">RADVILI\u0160KIO RAJONO BAISOGALOS GIMNAZIJOS VIE\u0160OJO PIRKIMO KOMISIJOS&nbsp; DARBO REGLAMENTAS<\/a><\/p>\n<p><a href=\"https:\/\/www.baisogala.radviliskis.lm.lt\/wp-content\/uploads\/2019\/03\/Aprasas.doc\" target=\"_blank\" rel=\"noopener\">VIE\u0160\u0172J\u0172 PIRKIM\u0172 ORGANIZAVIMO IR VIDAUS KONTROL\u0116S TVARKOS APRA\u0160AS<\/a><\/p>\n<p><a href=\"https:\/\/www.baisogala.radviliskis.lm.lt\/wp-content\/uploads\/2019\/03\/VP-planas-2019m..jpg\" target=\"_blank\" rel=\"noopener\">PIRKIM\u0172 PLANAS 2019 m,<\/a><br \/>\n<a href=\"https:\/\/www.baisogala.radviliskis.lm.lt\/wp-content\/uploads\/2018\/03\/2018-met\u0173-PIRKIM\u0172-PLANAS.docx\">PIRKIM\u0172 PLANAS 2018 m.<\/a><br \/>\n<span style=\"font-size: 14px; font-family: georgia, palatino;\"><a href=\"https:\/\/www.baisogala.radviliskis.lm.lt\/wp-content\/uploads\/2017\/10\/SKELBIMAI-APIE-NUSTATYT\u0104-LAIM\u0116TOJ\u0104-IR-PIRKIMO-KAIN\u0104.-06-m\u0117n..docx\">Skelbimai apie nustatyt\u0105 laim\u0117toj\u0105 ir pirkimo kain\u0105. 06 m\u0117n.<\/a><\/span><br \/>\n<span style=\"font-size: 14px; font-family: georgia, palatino;\"><a href=\"https:\/\/www.baisogala.radviliskis.lm.lt\/wp-content\/uploads\/2017\/10\/SKELBIMAI-APIE-NUSTATYT\u0104-LAIM\u0116TOJ\u0104-IR-PIRKIMO-KAIN\u0104.-05-m\u0117n..docx\">Skelbimai apie nustatyt\u0105&nbsp; laim\u0117toj\u0105 ir pirkimo kain\u0105. 05 m\u0117n.<\/a><\/span><br \/>\n<span style=\"text-align: left; font-size: 14px; font-family: georgia, palatino;\"><a href=\"https:\/\/www.baisogala.radviliskis.lm.lt\/wp-content\/uploads\/2017\/05\/Skelbimas-apie-nustatyt\u0105-laim\u0117toj\u0105-ir-pirkimo-kain\u0105-03-m\u0117n.docx\">Skelbimas apie nustatyt\u0105 laim\u0117toj\u0105 ir pirkimo kain\u0105 03 m\u0117n<\/a><\/span><br \/>\n<span style=\"text-align: left; font-size: 14px; font-family: georgia, palatino;\"><a href=\"https:\/\/www.baisogala.radviliskis.lm.lt\/wp-content\/uploads\/2017\/03\/2017-MET\u0172-PIRKIM\u0172-PLANAS.docx\">PIRKIM\u0172 PLANAS 2017 m.<\/a><\/span><br \/>\n<span style=\"text-align: left;\"><a style=\"font-size: 14px;\" href=\"https:\/\/www.baisogala.radviliskis.lm.lt\/wp-content\/uploads\/2017\/03\/Skelbimai-apie-nustatyt\u0105-laim\u0117toj\u0105-ir-pirkimo-kain\u0105-2017-02.docx\">Skelbimai apie nustatyt\u0105 laim\u0117toj\u0105 ir pirkimo kain\u0105 2017-02<\/a><\/span><br \/>\n<span style=\"font-size: 14px; font-family: georgia, palatino;\"><a href=\"https:\/\/www.baisogala.radviliskis.lm.lt\/wp-content\/uploads\/2017\/02\/SKELBIMAI-APIE-PRADEDAMUS-PIRKIMUS.pdf\">Skelbimai apie nustatyt\u0105 laim\u0117toj\u0105 ir pirkimo kain\u0105 2017-01<\/a><\/span><br \/>\n<span style=\"font-size: 14px; font-family: georgia, palatino;\"><a href=\"https:\/\/www.baisogala.radviliskis.lm.lt\/wp-content\/uploads\/2017\/01\/2016-12.docx\">Skelbimai apie nustatyt\u0105 laim\u0117toja ir pirkimo kain\u0105. 12 m\u0117n.<\/a><\/span><br \/>\n<span style=\"font-size: 14px; font-family: georgia, palatino;\"><a href=\"https:\/\/www.baisogala.radviliskis.lm.lt\/wp-content\/uploads\/2016\/12\/Skelbimai-apie-nustatyt\u0105-laim\u0117toj\u0105-ir-pirkimo-kain\u0105.-11-m\u0117n..docx\">Skelbimai apie nustatyt\u0105 laim\u0117toj\u0105 ir pirkimo kain\u0105. 11 m\u0117n.<\/a><\/span><br \/>\n<span style=\"font-size: 14px; font-family: georgia, palatino;\"><a href=\"https:\/\/www.baisogala.radviliskis.lm.lt\/wp-content\/uploads\/2016\/11\/10-men.docx\">Skelbimai apie nustatyt\u0105 laim\u0117toj\u0105 ir pirkimo kain\u0105. 10 m\u0117n.<\/a><\/span><br \/>\n<span style=\"font-size: 14px; font-family: georgia, palatino;\"> <a href=\"https:\/\/www.baisogala.radviliskis.lm.lt\/wp-content\/uploads\/2016\/10\/09-men.docx\">Skelbimai apie nustatyt\u0105 laim\u0117toj\u0105 ir pirkimo kain\u0105.&nbsp;09 m\u0117n.<\/a><\/span><br \/>\n<span style=\"font-size: 14px; font-family: georgia, palatino;\"> <a href=\"https:\/\/www.baisogala.radviliskis.lm.lt\/wp-content\/uploads\/2016\/09\/08-men.docx\">Skelbimai apie nustatyt\u0105 laim\u0117toj\u0105 ir pirkimo kain\u0105.&nbsp;08 m\u0117n.<\/a><\/span><br \/>\n<span style=\"font-size: 14px; font-family: georgia, palatino;\"> <a href=\"https:\/\/www.baisogala.radviliskis.lm.lt\/wp-content\/uploads\/2016\/08\/07skelbimai.docx\">Skelbimai apie nustatyt\u0105 laim\u0117toj\u0105 ir pirkimo kain\u0105.&nbsp;07 m\u0117n.<\/a><\/span><br \/>\n<span style=\"font-size: 14px; font-family: georgia, palatino;\"> <a href=\"https:\/\/www.baisogala.radviliskis.lm.lt\/wp-content\/uploads\/2016\/07\/06-skelbimai.docx\">Skelbimai apie nustatyt\u0105 laim\u0117toj\u0105 ir pirkimo kain\u0105.&nbsp;06 m\u0117n.<\/a><\/span><br \/>\n<span style=\"font-size: 14px; font-family: georgia, palatino;\"> <a href=\"https:\/\/www.baisogala.radviliskis.lm.lt\/wp-content\/uploads\/2016\/06\/05-skelbimai.docx\">Skelbimai apie nustatyt\u0105 laim\u0117toj\u0105 ir pirkimo kain\u0105.&nbsp;05 m\u0117n.<\/a><\/span><br \/>\n<span style=\"font-size: 14px; font-family: georgia, palatino;\"> <a href=\"https:\/\/www.baisogala.radviliskis.lm.lt\/wp-content\/uploads\/2016\/05\/SKELBIMAI-APIE-NUSTATYT\u0104-LAIM\u0116TOJ\u0104-IR-PIRKIMO-KAIN\u0104.docx\">Skelbimai apie nustatyt\u0105 laim\u0117toj\u0105 ir pirkimo kain\u0105. 04 m\u0117n. <\/a><\/span><br \/>\n<span style=\"font-size: 14px; font-family: georgia, palatino;\"><a href=\"https:\/\/www.baisogala.radviliskis.lm.lt\/wp-content\/uploads\/2016\/03\/pirkim\u0173-planas-2016.doc\">PIRKIM\u0172 PLANAS 2016 m. <\/a><\/span><br \/>\n<span style=\"font-size: 14px; font-family: georgia, palatino;\"><a href=\"https:\/\/www.baisogala.radviliskis.lm.lt\/wp-content\/uploads\/2016\/04\/SKELBIMAI-APIE-NUSTATYT\u0104-LAIM\u0116TOJ\u0104-IR-PIRKIMO-KAIN\u0104.docx\">Skelbimai apie nustatyt\u0105 laim\u0117toj\u0105 ir pirkimo kain\u0105. 03 m\u0117n. <\/a><\/span><br \/>\n<span style=\"font-size: 14px; font-family: georgia, palatino;\"><a href=\"https:\/\/www.baisogala.radviliskis.lm.lt\/wp-content\/uploads\/2016\/03\/SKELBIMAI-APIE-NUSTATYT\u0104-LAIM\u0116TOJ\u0104-IR-PIRKIMO-KAIN\u0104.docx\">Skelbimai apie nustatyt\u0105 laim\u0117toj\u0105 ir pirkimo kain\u0105. 01 &#8211; 02 m\u0117n. <\/a><\/span><br \/>\n<span style=\"font-size: 14px; font-family: georgia, palatino;\"><a href=\"https:\/\/www.baisogala.radviliskis.lm.lt\/wp-content\/uploads\/2015\/04\/Baisogalos-gimnazijos-supaprastint\u0173-vie\u0161\u0173j\u0173-pirkim\u0173-taisykl\u0117s_2015m..doc\">Baisogalos gimnazijos supaprastint\u0173 vie\u0161\u0173j\u0173 pirkim\u0173 taisykl\u0117s 2015 m.<\/a><\/span><\/p>\n","protected":false},"excerpt":{"rendered":"<p>RADVILI\u0160KIO RAJONO BAISOGALOS GIMNAZIJOS VIE\u0160OJO PIRKIMO KOMISIJOS&nbsp; DARBO REGLAMENTAS VIE\u0160\u0172J\u0172 PIRKIM\u0172 ORGANIZAVIMO IR VIDAUS KONTROL\u0116S TVARKOS APRA\u0160AS PIRKIM\u0172 PLANAS 2019 m, PIRKIM\u0172 PLANAS 2018 m. Skelbimai apie nustatyt\u0105 laim\u0117toj\u0105 ir pirkimo kain\u0105. 06 m\u0117n. Skelbimai apie nustatyt\u0105&nbsp; laim\u0117toj\u0105 ir pirkimo &hellip; <a href=\"https:\/\/www.baisogala.radviliskis.lm.lt\/?page_id=2496\">Skaityti daugiau <span class=\"meta-nav\">&rarr;<\/span><\/a><\/p>\n","protected":false},"author":1,"featured_media":0,"parent":76,"menu_order":7,"comment_status":"closed","ping_status":"closed","template":"","meta":{"ngg_post_thumbnail":0,"footnotes":"","_links_to":"","_links_to_target":""},"class_list":["post-2496","page","type-page","status-publish","hentry"],"_links":{"self":[{"href":"https:\/\/www.baisogala.radviliskis.lm.lt\/index.php?rest_route=\/wp\/v2\/pages\/2496","targetHints":{"allow":["GET"]}}],"collection":[{"href":"https:\/\/www.baisogala.radviliskis.lm.lt\/index.php?rest_route=\/wp\/v2\/pages"}],"about":[{"href":"https:\/\/www.baisogala.radviliskis.lm.lt\/index.php?rest_route=\/wp\/v2\/types\/page"}],"author":[{"embeddable":true,"href":"https:\/\/www.baisogala.radviliskis.lm.lt\/index.php?rest_route=\/wp\/v2\/users\/1"}],"replies":[{"embeddable":true,"href":"https:\/\/www.baisogala.radviliskis.lm.lt\/index.php?rest_route=%2Fwp%2Fv2%2Fcomments&post=2496"}],"version-history":[{"count":76,"href":"https:\/\/www.baisogala.radviliskis.lm.lt\/index.php?rest_route=\/wp\/v2\/pages\/2496\/revisions"}],"predecessor-version":[{"id":13844,"href":"https:\/\/www.baisogala.radviliskis.lm.lt\/index.php?rest_route=\/wp\/v2\/pages\/2496\/revisions\/13844"}],"up":[{"embeddable":true,"href":"https:\/\/www.baisogala.radviliskis.lm.lt\/index.php?rest_route=\/wp\/v2\/pages\/76"}],"wp:attachment":[{"href":"https:\/\/www.baisogala.radviliskis.lm.lt\/index.php?rest_route=%2Fwp%2Fv2%2Fmedia&parent=2496"}],"curies":[{"name":"wp","href":"https:\/\/api.w.org\/{rel}","templated":true}]}}