{"id":128,"date":"2013-12-22T20:17:16","date_gmt":"2013-12-22T20:17:16","guid":{"rendered":"https:\/\/www.baisogala.radviliskis.lm.lt\/?page_id=128"},"modified":"2024-02-27T08:18:28","modified_gmt":"2024-02-27T08:18:28","slug":"visuomenes-sveikatos-prieziuros-specialiste","status":"publish","type":"page","link":"https:\/\/www.baisogala.radviliskis.lm.lt\/?page_id=128","title":{"rendered":"Visuomen\u0117s sveikatos prie\u017ei\u016bros specialist\u0117"},"content":{"rendered":"<p style=\"text-align: center;\"><strong><span style=\"font-family: georgia,palatino; font-size: 14px;\">Baisogalos gimnazijos sveikatos prie\u017ei\u016bros specialist\u0117<\/span><\/strong><\/p>\n<p style=\"text-align: center;\"><strong><span style=\"font-family: georgia,palatino; font-size: 14px;\">Sigita Kazincien\u0117<\/span><\/strong><\/p>\n<p style=\"text-align: center;\"><a href=\"mailto:kazsiga65@gmail.com\" target=\"_blank\" rel=\"noopener\">kazsiga65@gmail.com<\/a><\/p>\n<p style=\"text-align: center;\">105 kab.<\/p>\n<p style=\"text-align: justify;\"><span style=\"font-family: georgia,palatino; font-size: 14px;\"><strong>Visuomen\u0117s sveikatos specialisto funkcijos:<\/strong><\/span><\/p>\n<ol>\n<li style=\"text-align: justify;\"><span style=\"font-family: georgia,palatino; font-size: 14px;\">Sveikatinimo &nbsp;veiklos konsultacij\u0173 mokytojams, mokiniams, j\u0173 t\u0117vams teikimas (besikreipiantiems pagalbos arba matant konkre\u010di\u0105 problem\u0105).<\/span><\/li>\n<li style=\"text-align: justify;\"><span style=\"font-family: georgia,palatino; font-size: 14px;\">Informacijos i\u0161saugojimo bei stiprinimo klausimais teikimas.<\/span><\/li>\n<li style=\"text-align: justify;\"><span style=\"font-family: georgia,palatino; font-size: 14px;\">Dalyvavimas mokyklos sveikatinimo projektuose.<\/span><\/li>\n<li style=\"text-align: justify;\"><span style=\"font-family: georgia,palatino; font-size: 14px;\">Pagalba mokiniams ugdant sveikos gyvensenos ir asmens \u012fg\u016bd\u017eius.<\/span><\/li>\n<li style=\"text-align: justify;\"><span style=\"font-family: georgia,palatino; font-size: 14px;\">Mokini\u0173 maitinimo organizavimo prie\u017ei\u016bra, skatinant sveik\u0105 mityb\u0105 bei sveikos mitybos \u012fg\u016bd\u017ei\u0173 formavim\u0105.<\/span><\/li>\n<li style=\"text-align: justify;\"><span style=\"font-family: georgia,palatino; font-size: 14px;\">Pagalba k\u016bno kult\u016bros mokytojams komplektuojant fizinio ugdymo grupes.<\/span><\/li>\n<li style=\"text-align: justify;\"><span style=\"font-family: georgia,palatino; font-size: 14px;\">Informacijos apie kasmetinius mokini\u0173 sveikatos profilaktinius patikrinimus, informacijos pateikimas &nbsp;mokyklos bendruomenei.<\/span><\/li>\n<li style=\"text-align: justify;\"><span style=\"font-family: georgia,palatino; font-size: 14px;\">Dalyvavimas mokyklos prevencinio darbo grup\u0117se, sprend\u017eian\u010diose mokini\u0173 psichologinius, adaptacijos ir socialines problemas.<\/span><\/li>\n<li style=\"text-align: justify;\"><span style=\"font-family: georgia,palatino; font-size: 14px;\">Pirmosios medicinin\u0117s pagalbos teikimas ir koordinavimas.<\/span><\/li>\n<\/ol>\n<p style=\"text-align: center;\"><strong><span style=\"font-family: georgia,palatino; font-size: 14px;\">DARBO LAIKAS<br \/>\n<\/span><\/strong><\/p>\n<table border=\"0\">\n<tbody>\n<tr>\n<td><span style=\"font-family: georgia,palatino; font-size: 14px;\">Pirmadienis<\/span><\/td>\n<td><span style=\"font-family: georgia,palatino; font-size: 14px;\">8.00 &#8211; 12.00 &nbsp; 12.30 &#8211; 16.15<\/span><\/td>\n<\/tr>\n<tr>\n<td><span style=\"font-family: georgia,palatino; font-size: 14px;\">Tre\u010diadienis<\/span><\/td>\n<td><span style=\"font-family: georgia,palatino; font-size: 14px;\">8.00 &#8211; 12.00 &nbsp; &nbsp;12.30 &#8211; 16.15<\/span><\/td>\n<\/tr>\n<tr>\n<td><span style=\"font-family: georgia,palatino; font-size: 14px;\">Ketvirtadienis<\/span><\/td>\n<td><span style=\"font-family: georgia,palatino; font-size: 14px;\">8.00 &#8211; 12.00 &nbsp; &nbsp; 12.15 &#8211; 16.00<\/span><\/td>\n<\/tr>\n<tr>\n<td><span style=\"font-family: georgia,palatino; font-size: 14px;\">Penktadienis<\/span><\/td>\n<td><span style=\"font-family: georgia,palatino; font-size: 14px;\">8.00 &#8211; 12.00 &nbsp; &nbsp;12.15 &#8211; 16.00<\/span><\/td>\n<\/tr>\n<\/tbody>\n<\/table>\n","protected":false},"excerpt":{"rendered":"<p>Baisogalos gimnazijos sveikatos prie\u017ei\u016bros specialist\u0117 Sigita Kazincien\u0117 kazsiga65@gmail.com 105 kab. Visuomen\u0117s sveikatos specialisto funkcijos: Sveikatinimo &nbsp;veiklos konsultacij\u0173 mokytojams, mokiniams, j\u0173 t\u0117vams teikimas (besikreipiantiems pagalbos arba matant konkre\u010di\u0105 problem\u0105). Informacijos i\u0161saugojimo bei stiprinimo klausimais teikimas. Dalyvavimas mokyklos sveikatinimo projektuose. Pagalba mokiniams &hellip; <a href=\"https:\/\/www.baisogala.radviliskis.lm.lt\/?page_id=128\">Skaityti daugiau <span class=\"meta-nav\">&rarr;<\/span><\/a><\/p>\n","protected":false},"author":1,"featured_media":0,"parent":108,"menu_order":11,"comment_status":"closed","ping_status":"closed","template":"","meta":{"ngg_post_thumbnail":0,"footnotes":"","_links_to":"","_links_to_target":""},"class_list":["post-128","page","type-page","status-publish","hentry"],"_links":{"self":[{"href":"https:\/\/www.baisogala.radviliskis.lm.lt\/index.php?rest_route=\/wp\/v2\/pages\/128","targetHints":{"allow":["GET"]}}],"collection":[{"href":"https:\/\/www.baisogala.radviliskis.lm.lt\/index.php?rest_route=\/wp\/v2\/pages"}],"about":[{"href":"https:\/\/www.baisogala.radviliskis.lm.lt\/index.php?rest_route=\/wp\/v2\/types\/page"}],"author":[{"embeddable":true,"href":"https:\/\/www.baisogala.radviliskis.lm.lt\/index.php?rest_route=\/wp\/v2\/users\/1"}],"replies":[{"embeddable":true,"href":"https:\/\/www.baisogala.radviliskis.lm.lt\/index.php?rest_route=%2Fwp%2Fv2%2Fcomments&post=128"}],"version-history":[{"count":16,"href":"https:\/\/www.baisogala.radviliskis.lm.lt\/index.php?rest_route=\/wp\/v2\/pages\/128\/revisions"}],"predecessor-version":[{"id":11236,"href":"https:\/\/www.baisogala.radviliskis.lm.lt\/index.php?rest_route=\/wp\/v2\/pages\/128\/revisions\/11236"}],"up":[{"embeddable":true,"href":"https:\/\/www.baisogala.radviliskis.lm.lt\/index.php?rest_route=\/wp\/v2\/pages\/108"}],"wp:attachment":[{"href":"https:\/\/www.baisogala.radviliskis.lm.lt\/index.php?rest_route=%2Fwp%2Fv2%2Fmedia&parent=128"}],"curies":[{"name":"wp","href":"https:\/\/api.w.org\/{rel}","templated":true}]}}