{"id":11865,"date":"2024-09-23T06:21:54","date_gmt":"2024-09-23T06:21:54","guid":{"rendered":"https:\/\/www.baisogala.radviliskis.lm.lt\/?page_id=11865"},"modified":"2026-04-08T06:01:09","modified_gmt":"2026-04-08T06:01:09","slug":"pociuneliu-skyriaus-informacija","status":"publish","type":"page","link":"https:\/\/www.baisogala.radviliskis.lm.lt\/?page_id=11865","title":{"rendered":"Poci\u016bn\u0117li\u0173 skyriaus informacija"},"content":{"rendered":"<ul>\n<li><a href=\"https:\/\/www.baisogala.radviliskis.lm.lt\/wp-content\/uploads\/2026\/03\/Pociuneliu-pavezejimas.pdf\" target=\"_blank\" rel=\"noopener\">MOKINI\u0172 PAVE\u017d\u0116JIMAS<\/a><\/li>\n<li><a href=\"https:\/\/www.baisogala.radviliskis.lm.lt\/wp-content\/uploads\/2026\/03\/Pociuneliu-sk.-mokytoju-sarasas-patiksl.pdf\" target=\"_blank\" rel=\"noopener\">MOKYTOJ\u0172 S\u0104RA\u0160AS<\/a><\/li>\n<li><a href=\"https:\/\/www.baisogala.radviliskis.lm.lt\/wp-content\/uploads\/2026\/03\/Tvarkarastis-2025-m.pdf\" target=\"_blank\" rel=\"noopener\">PRADINI\u0172 KLASI\u0172 TVARKARA\u0160\u010cIAI<\/a><\/li>\n<li><a href=\"https:\/\/www.baisogala.radviliskis.lm.lt\/wp-content\/uploads\/2026\/03\/Pociuneliu-neformaliojo-sv.-uzsiemimu-tvarkarastis.pdf\" target=\"_blank\" rel=\"noopener\">NEFORMALIOJO \u0160VIETIMO TVARKARA\u0160TIS<\/a><\/li>\n<li><a href=\"https:\/\/www.baisogala.radviliskis.lm.lt\/wp-content\/uploads\/2024\/09\/Valgyklos-darbo-laikas.pdf\" target=\"_blank\" rel=\"noopener\">VALGYKLOS DARBO LAIKAS<\/a><\/li>\n<li><a href=\"https:\/\/www.baisogala.radviliskis.lm.lt\/wp-content\/uploads\/2025\/09\/radviliskio_r_baisogalos_gimnazijos_pociuneliu_skyrius_11_m-2.pdf\" target=\"_blank\" rel=\"noopener\">VALGIARA\u0160TIS (I variantas)<\/a><\/li>\n<li><a href=\"https:\/\/www.baisogala.radviliskis.lm.lt\/wp-content\/uploads\/2025\/09\/radviliskio_r_baisogalos_gimnazijos_pociuneliu_skyrius_11_m-1.pdf\" target=\"_blank\" rel=\"noopener\">VALGIARA\u0160TIS (II variantas)<\/a><\/li>\n<li><a href=\"https:\/\/www.baisogala.radviliskis.lm.lt\/wp-content\/uploads\/2025\/09\/radviliskio_r_baisogalos_gimnazijos_pociuneliu_skyrius_11_m.pdf\" target=\"_blank\" rel=\"noopener\">VALGIARA\u0160TIS (III variantas)<\/a><\/li>\n<li><a href=\"https:\/\/www.baisogala.radviliskis.lm.lt\/wp-content\/uploads\/2025\/09\/radviliskio_r_baisogalos_gimnazijos_pociuneliu_skyrius_11_m-3.pdf\" target=\"_blank\" rel=\"noopener\">VALGIARA\u0160TIS (IV variantas)<\/a><\/li>\n<li><a href=\"https:\/\/www.baisogala.radviliskis.lm.lt\/wp-content\/uploads\/2025\/09\/radviliskio_r_baisogalos_gimnazijos_pociuneliu_skyrius_4_7_m.pdf\" target=\"_blank\" rel=\"noopener\">VALGIARA\u0160TIS (4 -7 m. vaikams)<\/a><\/li>\n<li><a href=\"https:\/\/www.baisogala.radviliskis.lm.lt\/wp-content\/uploads\/2026\/03\/informacija-teikiantiems-prasymus-del-ugdymo-pagal-priesmokyklinio-ir-ikimokyklinio-ugdymo-programas.pdf\" target=\"_blank\" rel=\"noopener\">INFORMACIJA TEIKIANTIEMS PRA\u0160YMUS D\u0116L UGDYMO PAGAL PRIE\u0160MOKYKLINIO IR IKIMOKYKLINIO UGDYMO PROGRAMAS<\/a><\/li>\n<li><a href=\"https:\/\/www.baisogala.radviliskis.lm.lt\/wp-content\/uploads\/2026\/03\/CENTRALIZUOTO-VAIKU-PRIEMIMO-I-SVIETIMO-ISTAIGAS-UGDYTIS-PAGAL-IKIMOKYKLINIO-IR-PRIESMOKYKLINIO-UGDYMO-PROGRAMAS.pdf\" target=\"_blank\" rel=\"noopener\">CENTRALIZUOTO VAIK\u0172 PRI\u0116MIMO \u012e \u0160VIETIMO \u012eSTAIGAS UGDYTIS PAGAL IKIMOKYKLINIO IR PRIE\u0160MOKYKLINIO UGDYMO PROGRAMAS TVARKOS APRA\u0160AS<\/a><\/li>\n<li><a href=\"https:\/\/www.e-tar.lt\/portal\/lt\/legalAct\/d27f8ca0fca211eea28cd23166221a3c\/asr?csrt=10929260095032555190\" target=\"_blank\" rel=\"noopener\">D\u0116L \u0160VIETIMO \u012eSTAIG\u0172 IKIMOKYKLINIO UGDYMO GRUPI\u0172 DARBO ORGANIZAVIMO VASAROS LAIKOTARPIU TVARKOS APRA\u0160O PATVIRTINIMO<\/a><\/li>\n<li><a href=\"https:\/\/e-seimas.lrs.lt\/portal\/legalAct\/lt\/TAD\/b05807022e0111f18390fc7af895c2ec?jfwid=wnoi6ryau\" target=\"_blank\" rel=\"noopener\">D\u0116L RADVILI\u0160KIO RAJONO SAVIVALDYB\u0116S TARYBOS&nbsp;2024 M. BALAND\u017dIO 11 D. SPRENDIMO NR. T-343 \u201eD\u0116L&nbsp;IKIMOKYKLINIO IR PRIE\u0160MOKYKLINIO UGDYMO ORGANIZAVIMO MODELI\u0172 NUSTATYMO&nbsp;RADVILI\u0160KIO RAJONO&nbsp;SAVIVALDYB\u0116S \u0160VIETIMO \u012eSTAIGOSE TVARKOS APRA\u0160O PATVIRTINIMO\u201c PAKEITIMO<\/a><\/li>\n<li><a href=\"https:\/\/e-seimas.lrs.lt\/portal\/legalAct\/lt\/TAD\/12dcded12dc811f18390fc7af895c2ec\" target=\"_blank\" rel=\"noopener\">PRIE\u017dI\u016aROS IR VASAROS POILSIO ORGANIZAVIMO STOVYKLOJE PASLAUG\u0172 TEIKIMO VAIKAMS, BAIGUSIEMS PRIE\u0160MOKYKLINIO UGDYMO PROGRAM\u0104, TVARKOS APRA\u0160AS<\/a><\/li>\n<\/ul>\n","protected":false},"excerpt":{"rendered":"<p>MOKINI\u0172 PAVE\u017d\u0116JIMAS MOKYTOJ\u0172 S\u0104RA\u0160AS PRADINI\u0172 KLASI\u0172 TVARKARA\u0160\u010cIAI NEFORMALIOJO \u0160VIETIMO TVARKARA\u0160TIS VALGYKLOS DARBO LAIKAS VALGIARA\u0160TIS (I variantas) VALGIARA\u0160TIS (II variantas) VALGIARA\u0160TIS (III variantas) VALGIARA\u0160TIS (IV variantas) VALGIARA\u0160TIS (4 -7 m. vaikams) INFORMACIJA TEIKIANTIEMS PRA\u0160YMUS D\u0116L UGDYMO PAGAL PRIE\u0160MOKYKLINIO IR IKIMOKYKLINIO UGDYMO &hellip; <a href=\"https:\/\/www.baisogala.radviliskis.lm.lt\/?page_id=11865\">Skaityti daugiau <span class=\"meta-nav\">&rarr;<\/span><\/a><\/p>\n","protected":false},"author":2,"featured_media":0,"parent":0,"menu_order":0,"comment_status":"closed","ping_status":"closed","template":"","meta":{"ngg_post_thumbnail":0,"footnotes":"","_links_to":"","_links_to_target":""},"class_list":["post-11865","page","type-page","status-publish","hentry"],"_links":{"self":[{"href":"https:\/\/www.baisogala.radviliskis.lm.lt\/index.php?rest_route=\/wp\/v2\/pages\/11865","targetHints":{"allow":["GET"]}}],"collection":[{"href":"https:\/\/www.baisogala.radviliskis.lm.lt\/index.php?rest_route=\/wp\/v2\/pages"}],"about":[{"href":"https:\/\/www.baisogala.radviliskis.lm.lt\/index.php?rest_route=\/wp\/v2\/types\/page"}],"author":[{"embeddable":true,"href":"https:\/\/www.baisogala.radviliskis.lm.lt\/index.php?rest_route=\/wp\/v2\/users\/2"}],"replies":[{"embeddable":true,"href":"https:\/\/www.baisogala.radviliskis.lm.lt\/index.php?rest_route=%2Fwp%2Fv2%2Fcomments&post=11865"}],"version-history":[{"count":32,"href":"https:\/\/www.baisogala.radviliskis.lm.lt\/index.php?rest_route=\/wp\/v2\/pages\/11865\/revisions"}],"predecessor-version":[{"id":13972,"href":"https:\/\/www.baisogala.radviliskis.lm.lt\/index.php?rest_route=\/wp\/v2\/pages\/11865\/revisions\/13972"}],"wp:attachment":[{"href":"https:\/\/www.baisogala.radviliskis.lm.lt\/index.php?rest_route=%2Fwp%2Fv2%2Fmedia&parent=11865"}],"curies":[{"name":"wp","href":"https:\/\/api.w.org\/{rel}","templated":true}]}}