{"id":11125,"date":"2024-01-23T06:33:13","date_gmt":"2024-01-23T06:33:13","guid":{"rendered":"https:\/\/www.baisogala.radviliskis.lm.lt\/?page_id=11125"},"modified":"2026-03-20T11:25:08","modified_gmt":"2026-03-20T11:25:08","slug":"asmens-duomenu-apsauga","status":"publish","type":"page","link":"https:\/\/www.baisogala.radviliskis.lm.lt\/?page_id=11125","title":{"rendered":"Asmens duomen\u0173 apsauga"},"content":{"rendered":"<ul>\n<li><a href=\"https:\/\/www.baisogala.radviliskis.lm.lt\/wp-content\/uploads\/2026\/03\/Darbuotoju-asmens-duomenu-saugojimo-politika.pdf\" target=\"_blank\" rel=\"noopener\">RADVILI\u0160KIO R. BAISOGALOS GIMNAZIJOS DARBUOTOJ\u0172 ASMENS DUOMEN\u0172 SAUGOJIMO POLITIKA<\/a><\/li>\n<\/ul>\n","protected":false},"excerpt":{"rendered":"<p>RADVILI\u0160KIO R. BAISOGALOS GIMNAZIJOS DARBUOTOJ\u0172 ASMENS DUOMEN\u0172 SAUGOJIMO POLITIKA<\/p>\n","protected":false},"author":1,"featured_media":0,"parent":0,"menu_order":0,"comment_status":"closed","ping_status":"closed","template":"","meta":{"ngg_post_thumbnail":0,"footnotes":"","_links_to":"","_links_to_target":""},"class_list":["post-11125","page","type-page","status-publish","hentry"],"_links":{"self":[{"href":"https:\/\/www.baisogala.radviliskis.lm.lt\/index.php?rest_route=\/wp\/v2\/pages\/11125","targetHints":{"allow":["GET"]}}],"collection":[{"href":"https:\/\/www.baisogala.radviliskis.lm.lt\/index.php?rest_route=\/wp\/v2\/pages"}],"about":[{"href":"https:\/\/www.baisogala.radviliskis.lm.lt\/index.php?rest_route=\/wp\/v2\/types\/page"}],"author":[{"embeddable":true,"href":"https:\/\/www.baisogala.radviliskis.lm.lt\/index.php?rest_route=\/wp\/v2\/users\/1"}],"replies":[{"embeddable":true,"href":"https:\/\/www.baisogala.radviliskis.lm.lt\/index.php?rest_route=%2Fwp%2Fv2%2Fcomments&post=11125"}],"version-history":[{"count":3,"href":"https:\/\/www.baisogala.radviliskis.lm.lt\/index.php?rest_route=\/wp\/v2\/pages\/11125\/revisions"}],"predecessor-version":[{"id":13888,"href":"https:\/\/www.baisogala.radviliskis.lm.lt\/index.php?rest_route=\/wp\/v2\/pages\/11125\/revisions\/13888"}],"wp:attachment":[{"href":"https:\/\/www.baisogala.radviliskis.lm.lt\/index.php?rest_route=%2Fwp%2Fv2%2Fmedia&parent=11125"}],"curies":[{"name":"wp","href":"https:\/\/api.w.org\/{rel}","templated":true}]}}