{"id":110,"date":"2013-12-22T20:12:32","date_gmt":"2013-12-22T18:12:32","guid":{"rendered":"https:\/\/www.baisogala.radviliskis.lm.lt\/?page_id=110"},"modified":"2025-10-27T10:28:21","modified_gmt":"2025-10-27T10:28:21","slug":"administracija","status":"publish","type":"page","link":"https:\/\/www.baisogala.radviliskis.lm.lt\/?page_id=110","title":{"rendered":"Administracija"},"content":{"rendered":"<p style=\"text-align: center;\"><span style=\"font-family: georgia,palatino; font-size: 14px;\"><strong>BAISOGALOS<\/strong>&nbsp;<strong>GIMNAZIJOS DIREKTOR\u0116<\/strong><\/span><\/p>\n<p style=\"text-align: center;\"><span style=\"font-family: georgia,palatino; font-size: 14px;\"><strong>Rita Ju\u0161kevi\u010dien\u0117<\/strong>, el. p.: <a href=\"mailto:ritaj@baisogalosgimnazija.lt\" target=\"_blank\" rel=\"noopener\">ritaj@baisogalosgimnazija.lt<\/a>, tel.: 0422 65736<\/span><\/p>\n<p style=\"text-align: center;\">            \n\t\t<div class=\"ngg-gallery-singlepic-image ngg-center\" style=\"max-width: 127px\">\n\t\t\t    \t<a href=\"https:\/\/www.baisogala.radviliskis.lm.lt\/wp-content\/gallery\/direktore_1\/R.Juskeviciene.JPG\"\n\t\t     title=\"\"\n             data-src=\"https:\/\/www.baisogala.radviliskis.lm.lt\/wp-content\/gallery\/direktore_1\/R.Juskeviciene.JPG\"\n             data-thumbnail=\"https:\/\/www.baisogala.radviliskis.lm.lt\/wp-content\/gallery\/direktore_1\/thumbs\/thumbs_R.Juskeviciene.JPG\"\n             data-image-id=\"4372\"\n             data-title=\"R.Juskeviciene\"\n             data-description=\"\"\n             target='_self'\n             class=\"shutterset_f7ce9a31166cdf29761a29de7e6be9f9\">\n            <img class=\"ngg-singlepic\"\n             src=\"https:\/\/www.baisogala.radviliskis.lm.lt\/wp-content\/gallery\/direktore_1\/cache\/R.Juskeviciene.JPG-nggid044372-ngg0dyn-127x191x100-00f0w010c010r110f110r010t010.JPG\"\n             alt=\"R.Juskeviciene\"\n             title=\"R.Juskeviciene\"\n              width=\"127\"               \/>\n    \t<\/a>\n\t\t      <\/div>\n        <\/p>\n<p style=\"text-align: center;\"><span style=\"font-family: georgia,palatino; font-size: 14px;\"><strong><strong>BAISOGALOS<\/strong>&nbsp;<strong>GIMNAZIJOS DIREKTOR\u0116S<\/strong>&nbsp;RITOS JU\u0160KEVI\u010cIEN\u0116S <\/strong><\/span><span style=\"font-family: georgia,palatino; font-size: 14px;\"><strong>DARBO LAIKO GRAFIKAS&nbsp;<\/strong><\/span><\/p>\n<table style=\"border-width: 1px; border-color: #000000;\" border=\"1\" align=\"center\">\n<tbody>\n<tr>\n<td style=\"border: 1px solid #000000;\"><span style=\"font-family: georgia,palatino; font-size: 14px;\"><b>Savait\u0117s dienos<\/b><\/span><\/td>\n<td style=\"border: 1px solid #000000; text-align: center;\"><span style=\"font-family: georgia,palatino; font-size: 14px;\"><b>Vadovo darbo laikas<\/b><\/span><\/td>\n<td style=\"border: 1px solid #000000; text-align: center;\"><span style=\"font-family: georgia,palatino; font-size: 14px;\"><b>Piet\u0173 pertrauka<\/b><\/span><\/td>\n<\/tr>\n<tr>\n<td style=\"border: 1px solid #000000;\"><span style=\"color: #000000;\"><strong><span style=\"font-family: georgia,palatino; font-size: 14px;\">PIRMADIENIS<\/span><\/strong><\/span><\/td>\n<td style=\"border: 1px solid #000000; text-align: center;\"><span style=\"font-family: georgia, palatino; font-size: 14px; color: #000000;\">7.30-16.30<\/span><\/td>\n<td style=\"border: 1px solid #000000; text-align: center;\"><span style=\"font-family: georgia, palatino; font-size: 14px; color: #000000;\">12.00-12.30<\/span><\/td>\n<\/tr>\n<tr>\n<td style=\"border: 1px solid #000000;\"><span style=\"color: #000000;\"><strong><span style=\"font-family: georgia,palatino; font-size: 14px;\">ANTRADIENIS<\/span><\/strong><\/span><\/td>\n<td style=\"border: 1px solid #000000; text-align: center;\"><span style=\"font-family: georgia, palatino; font-size: 14px; color: #000000;\">7.30-16.30<\/span><\/td>\n<td style=\"border: 1px solid #000000; text-align: center;\"><span style=\"font-family: georgia, palatino; font-size: 14px; color: #000000;\">12.00-12.30<\/span><\/td>\n<\/tr>\n<tr>\n<td style=\"border: 1px solid #000000;\"><span style=\"color: #000000;\"><strong><span style=\"font-family: georgia,palatino; font-size: 14px;\">TRE\u010cIADIENIS<\/span><\/strong><\/span><\/td>\n<td style=\"border: 1px solid #000000; text-align: center;\"><span style=\"font-family: georgia, palatino; font-size: 14px; color: #000000;\">7.30-16.00<\/span><\/td>\n<td style=\"border: 1px solid #000000; text-align: center;\"><span style=\"font-family: georgia, palatino; font-size: 14px; color: #000000;\">12.00-12.30<\/span><\/td>\n<\/tr>\n<tr>\n<td style=\"border: 1px solid #000000;\"><span style=\"color: #000000;\"><strong><span style=\"font-family: georgia,palatino; font-size: 14px;\">KETVIRTADIENIS<\/span><\/strong><\/span><\/td>\n<td style=\"border: 1px solid #000000; text-align: center;\"><span style=\"font-family: georgia, palatino; font-size: 14px; color: #000000;\">7.30-16.00<\/span><\/td>\n<td style=\"border: 1px solid #000000; text-align: center;\"><span style=\"font-family: georgia, palatino; font-size: 14px; color: #000000;\">12.00-12.30<\/span><\/td>\n<\/tr>\n<tr>\n<td style=\"border: 1px solid #000000;\"><span style=\"color: #000000;\"><strong><span style=\"font-family: georgia,palatino; font-size: 14px;\">PENKTADIENIS<\/span><\/strong><\/span><\/td>\n<td style=\"border: 1px solid #000000; text-align: center;\"><span style=\"font-family: georgia, palatino; font-size: 14px; color: #000000;\">7.30-15.00<\/span><\/td>\n<td style=\"border: 1px solid #000000; text-align: center;\"><span style=\"font-family: georgia, palatino; font-size: 14px; color: #000000;\">12.00-12.30<\/span><\/td>\n<\/tr>\n<\/tbody>\n<\/table>\n<p style=\"text-align: center;\">&nbsp;<\/p>\n<p>&nbsp;<\/p>\n<p style=\"text-align: center;\"><span style=\"font-family: georgia,palatino; font-size: 14px;\"><strong>BAISOGALOS<\/strong>&nbsp;<strong>GIMNAZIJOS DIREKTOR\u0116S PAVADUOTOJA UGDYMUI<\/strong><\/span><\/p>\n<p style=\"text-align: center;\"><span style=\"font-family: georgia,palatino; font-size: 14px;\"><strong>Inga Nainien\u0117<\/strong>, el. p.: <a href=\"mailto:ingan@baisogalosgimnazija.lt\">ingan@baisogalosgimnazija.lt<\/a><\/span><\/p>\n<p style=\"text-align: center;\"><span style=\"font-family: georgia,palatino; font-size: 14px;\"><strong>INGOS NAINIEN\u0116S DARBO LAIKO GRAFIKAS<\/strong><\/span><\/p>\n<table style=\"border-width: 1px; border-color: #000000;\" border=\"1\" align=\"center\">\n<tbody>\n<tr>\n<td style=\"border: 1px solid #000000;\"><span style=\"font-family: georgia,palatino; font-size: 14px;\"><b>Savait\u0117s dienos<\/b><\/span><\/td>\n<td style=\"border: 1px solid #000000; text-align: center;\"><span style=\"font-family: georgia,palatino; font-size: 14px;\"><b>Vadovo darbo laikas<\/b><\/span><\/td>\n<td style=\"border: 1px solid #000000; text-align: center;\"><span style=\"font-family: georgia,palatino; font-size: 14px;\"><b>Piet\u0173 pertrauka<\/b><\/span><\/td>\n<\/tr>\n<tr>\n<td style=\"border: 1px solid #000000;\"><span style=\"color: #000000;\"><strong><span style=\"font-family: georgia,palatino; font-size: 14px;\">PIRMADIENIS<\/span><\/strong><\/span><\/td>\n<td style=\"border: 1px solid #000000; text-align: center;\"><span style=\"font-family: georgia, palatino; font-size: 14px; color: #000000;\">8.00-17.00<\/span><\/td>\n<td style=\"border: 1px solid #000000; text-align: center;\"><span style=\"font-family: georgia, palatino; font-size: 14px; color: #000000;\">12.00-12.45<\/span><\/td>\n<\/tr>\n<tr>\n<td style=\"border: 1px solid #000000;\"><span style=\"color: #000000;\"><strong><span style=\"font-family: georgia,palatino; font-size: 14px;\">ANTRADIENIS<\/span><\/strong><\/span><\/td>\n<td style=\"border: 1px solid #000000; text-align: center;\"><span style=\"font-family: georgia, palatino; font-size: 14px; color: #000000;\">8.00-17.00<\/span><\/td>\n<td style=\"border: 1px solid #000000; text-align: center;\"><span style=\"font-family: georgia, palatino; font-size: 14px; color: #000000;\">12.00-12.45<\/span><\/td>\n<\/tr>\n<tr>\n<td style=\"border: 1px solid #000000;\"><span style=\"color: #000000;\"><strong><span style=\"font-family: georgia,palatino; font-size: 14px;\">TRE\u010cIADIENIS<\/span><\/strong><\/span><\/td>\n<td style=\"border: 1px solid #000000; text-align: center;\"><span style=\"font-family: georgia, palatino; font-size: 14px; color: #000000;\">8.00-17.00<\/span><\/td>\n<td style=\"border: 1px solid #000000; text-align: center;\"><span style=\"font-family: georgia, palatino; font-size: 14px; color: #000000;\">12.00-12.45<\/span><\/td>\n<\/tr>\n<tr>\n<td style=\"border: 1px solid #000000;\"><span style=\"color: #000000;\"><strong><span style=\"font-family: georgia,palatino; font-size: 14px;\">KETVIRTADIENIS<\/span><\/strong><\/span><\/td>\n<td style=\"border: 1px solid #000000; text-align: center;\"><span style=\"font-family: georgia, palatino; font-size: 14px; color: #000000;\">8.00-17.00<\/span><\/td>\n<td style=\"border: 1px solid #000000; text-align: center;\"><span style=\"font-family: georgia, palatino; font-size: 14px; color: #000000;\">12.00-12.45<\/span><\/td>\n<\/tr>\n<tr>\n<td style=\"border: 1px solid #000000;\"><span style=\"color: #000000;\"><strong><span style=\"font-family: georgia,palatino; font-size: 14px;\">PENKTADIENIS<\/span><\/strong><\/span><\/td>\n<td style=\"border: 1px solid #000000; text-align: center;\"><span style=\"font-family: georgia, palatino; font-size: 14px; color: #000000;\">8.00-15.45<\/span><\/td>\n<td style=\"border: 1px solid #000000; text-align: center;\"><span style=\"font-family: georgia, palatino; font-size: 14px; color: #000000;\">12.00-12.45<\/span><\/td>\n<\/tr>\n<\/tbody>\n<\/table>\n<p>&nbsp;<\/p>\n<p>&nbsp;<\/p>\n<p style=\"text-align: center;\"><span style=\"font-family: georgia,palatino; font-size: 14px;\"><strong>BAISOGALOS<\/strong>&nbsp;<strong>GIMNAZIJOS DIREKTOR\u0116S PAVADUOTOJA \u016aKIO REIKALAMS<\/strong><\/span><\/p>\n<p style=\"text-align: center;\"><span style=\"font-family: georgia,palatino; font-size: 14px;\"><strong>Zita Urbien\u0117<\/strong>, el. p.: <a href=\"mailto:zitau@baisogalosgimnazija.lt\">zitau@baisogalosgimnazija.lt<\/a><\/span><\/p>\n<p style=\"text-align: center;\"><span style=\"font-family: georgia,palatino; font-size: 14px;\"><strong>ZITOS URBIEN\u0116S DARBO LAIKO GRAFIKAS<\/strong><\/span><\/p>\n<table style=\"border-width: 1px; border-color: #000000;\" border=\"1\" align=\"center\">\n<tbody>\n<tr>\n<td style=\"border: 1px solid #000000;\"><span style=\"font-family: georgia,palatino; font-size: 14px;\"><b>Savait\u0117s dienos<\/b><\/span><\/td>\n<td style=\"border: 1px solid #000000; text-align: center;\"><span style=\"font-family: georgia,palatino; font-size: 14px;\"><b>Vadovo darbo laikas<\/b><\/span><\/td>\n<td style=\"border: 1px solid #000000; text-align: center;\"><span style=\"font-family: georgia,palatino; font-size: 14px;\"><b>Piet\u0173 pertrauka<\/b><\/span><\/td>\n<\/tr>\n<tr>\n<td style=\"border: 1px solid #000000;\"><span style=\"color: #000000;\"><strong><span style=\"font-family: georgia,palatino; font-size: 14px;\">PIRMADIENIS<\/span><\/strong><\/span><\/td>\n<td style=\"border: 1px solid #000000; text-align: center;\"><span style=\"font-family: georgia, palatino; font-size: 14px; color: #000000;\">8.00-17.00<\/span><\/td>\n<td style=\"border: 1px solid #000000; text-align: center;\"><span style=\"font-family: georgia, palatino; font-size: 14px; color: #000000;\">12.00-12.45<\/span><\/td>\n<\/tr>\n<tr>\n<td style=\"border: 1px solid #000000;\"><span style=\"color: #000000;\"><strong><span style=\"font-family: georgia,palatino; font-size: 14px;\">ANTRADIENIS<\/span><\/strong><\/span><\/td>\n<td style=\"border: 1px solid #000000; text-align: center;\"><span style=\"font-family: georgia, palatino; font-size: 14px; color: #000000;\">8.00-17.00<\/span><\/td>\n<td style=\"border: 1px solid #000000; text-align: center;\"><span style=\"font-family: georgia, palatino; font-size: 14px; color: #000000;\">12.00-12.45<\/span><\/td>\n<\/tr>\n<tr>\n<td style=\"border: 1px solid #000000;\"><span style=\"color: #000000;\"><strong><span style=\"font-family: georgia,palatino; font-size: 14px;\">TRE\u010cIADIENIS<\/span><\/strong><\/span><\/td>\n<td style=\"border: 1px solid #000000; text-align: center;\"><span style=\"font-family: georgia, palatino; font-size: 14px; color: #000000;\">8.00-17.00<\/span><\/td>\n<td style=\"border: 1px solid #000000; text-align: center;\"><span style=\"font-family: georgia, palatino; font-size: 14px; color: #000000;\">12.00-12.45<\/span><\/td>\n<\/tr>\n<tr>\n<td style=\"border: 1px solid #000000;\"><span style=\"color: #000000;\"><strong><span style=\"font-family: georgia,palatino; font-size: 14px;\">KETVIRTADIENIS<\/span><\/strong><\/span><\/td>\n<td style=\"border: 1px solid #000000; text-align: center;\"><span style=\"font-family: georgia, palatino; font-size: 14px; color: #000000;\">8.00-17.00<\/span><\/td>\n<td style=\"border: 1px solid #000000; text-align: center;\"><span style=\"font-family: georgia, palatino; font-size: 14px; color: #000000;\">12.00-12.45<\/span><\/td>\n<\/tr>\n<tr>\n<td style=\"border: 1px solid #000000;\"><span style=\"color: #000000;\"><strong><span style=\"font-family: georgia,palatino; font-size: 14px;\">PENKTADIENIS<\/span><\/strong><\/span><\/td>\n<td style=\"border: 1px solid #000000; text-align: center;\"><span style=\"font-family: georgia, palatino; font-size: 14px; color: #000000;\">8.00-15.45<\/span><\/td>\n<td style=\"border: 1px solid #000000; text-align: center;\"><span style=\"font-family: georgia, palatino; font-size: 14px; color: #000000;\">12.00-12.45<\/span><\/td>\n<\/tr>\n<\/tbody>\n<\/table>\n","protected":false},"excerpt":{"rendered":"<p>BAISOGALOS&nbsp;GIMNAZIJOS DIREKTOR\u0116 Rita Ju\u0161kevi\u010dien\u0117, el. p.: ritaj@baisogalosgimnazija.lt, tel.: 0422 65736 BAISOGALOS&nbsp;GIMNAZIJOS DIREKTOR\u0116S&nbsp;RITOS JU\u0160KEVI\u010cIEN\u0116S DARBO LAIKO GRAFIKAS&nbsp; Savait\u0117s dienos Vadovo darbo laikas Piet\u0173 pertrauka PIRMADIENIS 7.30-16.30 12.00-12.30 ANTRADIENIS 7.30-16.30 12.00-12.30 TRE\u010cIADIENIS 7.30-16.00 12.00-12.30 KETVIRTADIENIS 7.30-16.00 12.00-12.30 PENKTADIENIS 7.30-15.00 12.00-12.30 &nbsp; &nbsp; &hellip; <a href=\"https:\/\/www.baisogala.radviliskis.lm.lt\/?page_id=110\">Skaityti daugiau <span class=\"meta-nav\">&rarr;<\/span><\/a><\/p>\n","protected":false},"author":1,"featured_media":0,"parent":108,"menu_order":1,"comment_status":"closed","ping_status":"closed","template":"","meta":{"ngg_post_thumbnail":0,"footnotes":"","_links_to":"","_links_to_target":""},"class_list":["post-110","page","type-page","status-publish","hentry"],"_links":{"self":[{"href":"https:\/\/www.baisogala.radviliskis.lm.lt\/index.php?rest_route=\/wp\/v2\/pages\/110","targetHints":{"allow":["GET"]}}],"collection":[{"href":"https:\/\/www.baisogala.radviliskis.lm.lt\/index.php?rest_route=\/wp\/v2\/pages"}],"about":[{"href":"https:\/\/www.baisogala.radviliskis.lm.lt\/index.php?rest_route=\/wp\/v2\/types\/page"}],"author":[{"embeddable":true,"href":"https:\/\/www.baisogala.radviliskis.lm.lt\/index.php?rest_route=\/wp\/v2\/users\/1"}],"replies":[{"embeddable":true,"href":"https:\/\/www.baisogala.radviliskis.lm.lt\/index.php?rest_route=%2Fwp%2Fv2%2Fcomments&post=110"}],"version-history":[{"count":92,"href":"https:\/\/www.baisogala.radviliskis.lm.lt\/index.php?rest_route=\/wp\/v2\/pages\/110\/revisions"}],"predecessor-version":[{"id":13332,"href":"https:\/\/www.baisogala.radviliskis.lm.lt\/index.php?rest_route=\/wp\/v2\/pages\/110\/revisions\/13332"}],"up":[{"embeddable":true,"href":"https:\/\/www.baisogala.radviliskis.lm.lt\/index.php?rest_route=\/wp\/v2\/pages\/108"}],"wp:attachment":[{"href":"https:\/\/www.baisogala.radviliskis.lm.lt\/index.php?rest_route=%2Fwp%2Fv2%2Fmedia&parent=110"}],"curies":[{"name":"wp","href":"https:\/\/api.w.org\/{rel}","templated":true}]}}