{"id":10944,"date":"2023-12-06T11:41:41","date_gmt":"2023-12-06T11:41:41","guid":{"rendered":"https:\/\/www.baisogala.radviliskis.lm.lt\/?page_id=10944"},"modified":"2025-10-31T07:35:50","modified_gmt":"2025-10-31T07:35:50","slug":"organizacine-struktura","status":"publish","type":"page","link":"https:\/\/www.baisogala.radviliskis.lm.lt\/?page_id=10944","title":{"rendered":"Organizacin\u0117 strukt\u016bra"},"content":{"rendered":"<ul>\n<li><a href=\"https:\/\/www.baisogala.radviliskis.lm.lt\/wp-content\/uploads\/2025\/10\/Gimnazijos-organizacine-struktura-1.pdf\" target=\"_blank\" rel=\"noopener\"><span style=\"font-family: georgia, palatino; font-size: 14px;\"><span style=\"font-size: 12pt;\">RADVILI\u0160KIO RAJ. BAISOGALOS GIMNAZIJOS ORGANIZACIN\u0116 STRUKT\u016aRA<\/span><\/span><\/a><\/li>\n<\/ul>\n","protected":false},"excerpt":{"rendered":"<p>RADVILI\u0160KIO RAJ. BAISOGALOS GIMNAZIJOS ORGANIZACIN\u0116 STRUKT\u016aRA<\/p>\n","protected":false},"author":1,"featured_media":0,"parent":0,"menu_order":0,"comment_status":"closed","ping_status":"closed","template":"","meta":{"ngg_post_thumbnail":0,"footnotes":"","_links_to":"","_links_to_target":""},"class_list":["post-10944","page","type-page","status-publish","hentry"],"_links":{"self":[{"href":"https:\/\/www.baisogala.radviliskis.lm.lt\/index.php?rest_route=\/wp\/v2\/pages\/10944","targetHints":{"allow":["GET"]}}],"collection":[{"href":"https:\/\/www.baisogala.radviliskis.lm.lt\/index.php?rest_route=\/wp\/v2\/pages"}],"about":[{"href":"https:\/\/www.baisogala.radviliskis.lm.lt\/index.php?rest_route=\/wp\/v2\/types\/page"}],"author":[{"embeddable":true,"href":"https:\/\/www.baisogala.radviliskis.lm.lt\/index.php?rest_route=\/wp\/v2\/users\/1"}],"replies":[{"embeddable":true,"href":"https:\/\/www.baisogala.radviliskis.lm.lt\/index.php?rest_route=%2Fwp%2Fv2%2Fcomments&post=10944"}],"version-history":[{"count":4,"href":"https:\/\/www.baisogala.radviliskis.lm.lt\/index.php?rest_route=\/wp\/v2\/pages\/10944\/revisions"}],"predecessor-version":[{"id":13346,"href":"https:\/\/www.baisogala.radviliskis.lm.lt\/index.php?rest_route=\/wp\/v2\/pages\/10944\/revisions\/13346"}],"wp:attachment":[{"href":"https:\/\/www.baisogala.radviliskis.lm.lt\/index.php?rest_route=%2Fwp%2Fv2%2Fmedia&parent=10944"}],"curies":[{"name":"wp","href":"https:\/\/api.w.org\/{rel}","templated":true}]}}