{"id":106,"date":"2013-12-22T20:10:04","date_gmt":"2013-12-22T18:10:04","guid":{"rendered":"https:\/\/www.baisogala.radviliskis.lm.lt\/?page_id=106"},"modified":"2024-11-05T12:40:50","modified_gmt":"2024-11-05T12:40:50","slug":"kontaktai","status":"publish","type":"page","link":"https:\/\/www.baisogala.radviliskis.lm.lt\/?page_id=106","title":{"rendered":"Kontaktai"},"content":{"rendered":"<p><strong>Mokyklos g. 25, Baisogala, LT &#8211; 82323, Radvili\u0161kio r.<\/strong><\/p>\n<p><strong>Telefonas\/faksas: (0 422) 65235<\/strong><\/p>\n<p><strong>El. p.: <a href=\"mailto:baisogalosgimnazija@gmail.com\">baisogalosgimnazija@gmail.com<\/a><\/strong><\/p>\n<p><a href=\"https:\/\/maps.google.lt\/maps?expflags=enable_star_based_justifications:true&amp;ie=UTF8&amp;cid=12775818240990513606&amp;q=Radvili%C5%A1kio+r.+Baisogalos+gimnazija&amp;iwloc=A&amp;gl=LT&amp;hl=lt\" target=\"_blank\" rel=\"noopener\"><strong>\u017dem\u0117lapis:<\/strong><\/a><\/p>\n<p><a href=\"https:\/\/maps.google.lt\/maps?expflags=enable_star_based_justifications:true&amp;ie=UTF8&amp;cid=12775818240990513606&amp;q=Radvili%C5%A1kio+r.+Baisogalos+gimnazija&amp;iwloc=A&amp;gl=LT&amp;hl=lt\" target=\"_blank\" rel=\"noopener\"><img loading=\"lazy\" decoding=\"async\" class=\"size-medium wp-image-1145 alignleft\" src=\"https:\/\/www.baisogala.radviliskis.lm.lt\/wp-content\/uploads\/2013\/12\/zemelapis.jpg\" alt=\"zemelapis\" width=\"300\" height=\"188\"><\/a><\/p>\n<p>&nbsp;<\/p>\n<p>&nbsp;<\/p>\n<p>&nbsp;<\/p>\n<p>&nbsp;<\/p>\n<p>&nbsp;<\/p>\n<p>&nbsp;<\/p>\n<p><strong>Radvili\u0161kio r. Baisogalos gimnazijos Poci\u016bn\u0117li\u0173 skyrius:<\/strong><\/p>\n<p><strong>Dotnuvos g. 1, Poci\u016bn\u0117liai, Radvili\u0161kio r.<\/strong><\/p>\n<p><strong>Telefonas\/faksas: (0 422) 65235<\/strong><\/p>\n<p><strong>El. p.: <a href=\"mailto:baisogalosgimnazija@gmail.com\">baisogalosgimnazija@gmail.com<\/a><\/strong><\/p>\n","protected":false},"excerpt":{"rendered":"<p>Mokyklos g. 25, Baisogala, LT &#8211; 82323, Radvili\u0161kio r. Telefonas\/faksas: (0 422) 65235 El. p.: baisogalosgimnazija@gmail.com \u017dem\u0117lapis: &nbsp; &nbsp; &nbsp; &nbsp; &nbsp; &nbsp; Radvili\u0161kio r. Baisogalos gimnazijos Poci\u016bn\u0117li\u0173 skyrius: Dotnuvos g. 1, Poci\u016bn\u0117liai, Radvili\u0161kio r. Telefonas\/faksas: (0 422) 65235 El. &hellip; <a href=\"https:\/\/www.baisogala.radviliskis.lm.lt\/?page_id=106\">Skaityti daugiau <span class=\"meta-nav\">&rarr;<\/span><\/a><\/p>\n","protected":false},"author":1,"featured_media":0,"parent":104,"menu_order":1,"comment_status":"closed","ping_status":"closed","template":"","meta":{"ngg_post_thumbnail":0,"footnotes":"","_links_to":"","_links_to_target":""},"class_list":["post-106","page","type-page","status-publish","hentry"],"_links":{"self":[{"href":"https:\/\/www.baisogala.radviliskis.lm.lt\/index.php?rest_route=\/wp\/v2\/pages\/106","targetHints":{"allow":["GET"]}}],"collection":[{"href":"https:\/\/www.baisogala.radviliskis.lm.lt\/index.php?rest_route=\/wp\/v2\/pages"}],"about":[{"href":"https:\/\/www.baisogala.radviliskis.lm.lt\/index.php?rest_route=\/wp\/v2\/types\/page"}],"author":[{"embeddable":true,"href":"https:\/\/www.baisogala.radviliskis.lm.lt\/index.php?rest_route=\/wp\/v2\/users\/1"}],"replies":[{"embeddable":true,"href":"https:\/\/www.baisogala.radviliskis.lm.lt\/index.php?rest_route=%2Fwp%2Fv2%2Fcomments&post=106"}],"version-history":[{"count":11,"href":"https:\/\/www.baisogala.radviliskis.lm.lt\/index.php?rest_route=\/wp\/v2\/pages\/106\/revisions"}],"predecessor-version":[{"id":12153,"href":"https:\/\/www.baisogala.radviliskis.lm.lt\/index.php?rest_route=\/wp\/v2\/pages\/106\/revisions\/12153"}],"up":[{"embeddable":true,"href":"https:\/\/www.baisogala.radviliskis.lm.lt\/index.php?rest_route=\/wp\/v2\/pages\/104"}],"wp:attachment":[{"href":"https:\/\/www.baisogala.radviliskis.lm.lt\/index.php?rest_route=%2Fwp%2Fv2%2Fmedia&parent=106"}],"curies":[{"name":"wp","href":"https:\/\/api.w.org\/{rel}","templated":true}]}}